{"id":2716,"date":"2023-09-27T15:50:16","date_gmt":"2023-09-27T18:50:16","guid":{"rendered":"https:\/\/photoexperience.com.ar\/nueva\/?post_type=product&#038;p=2716"},"modified":"2023-10-02T16:18:26","modified_gmt":"2023-10-02T19:18:26","slug":"curso-iluminacion-gonzalo-cortes-2024-03-matricula","status":"publish","type":"product","link":"https:\/\/photoexperience.com.ar\/nueva\/curso\/curso-iluminacion-gonzalo-cortes-2024-03-matricula\/","title":{"rendered":"Curso Iluminaci\u00f3n Profesional y Manejo de Estudio con Gonzalo Cort\u00e9s 2024 03 &#8211; Matr\u00edcula (No Incluye cuota)"},"content":{"rendered":"","protected":false},"excerpt":{"rendered":"<p>*IMPORTANTE*<\/p>\n<p>Para reservar tu lugar en el curso debes abonar la MATRICULA que figura cargada en el carrito.<\/p>\n<p>Esta matr\u00edcula se abona 1 vez por a\u00f1o y cubre todos los cursos que realices en PHEX.<\/p>\n<p>En caso de que tu matricula est\u00e9 vigente, este pago se descontar\u00e1 de la cuota 1 del curso.<\/p>\n<p>El valor total del curso es de $ 144.000.- que se abonan en 4 cuotas seg\u00fan el siguiente esquema.<\/p>\n<p>CUOTA 1 . debe estatr paga hasta 10 dias antes de comenzar el curso<\/p>\n<p>CUOTA 2 . se abona entre la clase 4 y 5<\/p>\n<p>CUOTA 3 . se abona entre la clase 8 y 9<\/p>\n<p>CUOTA 4 . se abona entre las clases 12 y 13<\/p>\n<p>Si ya realizaste actividades en Phex vas a tener un 15% de descuento en la cuota 4<\/p>\n<p>Para otros descuentos, promociones o consultas puntuales, por favor escribinos a nuestro whatsapp y generamos la inscripci\u00f3n en forma personalizada.<\/p>\n","protected":false},"featured_media":2717,"template":"","meta":[],"product_cat":[75],"product_tag":[],"_links":{"self":[{"href":"https:\/\/photoexperience.com.ar\/nueva\/wp-json\/wp\/v2\/product\/2716"}],"collection":[{"href":"https:\/\/photoexperience.com.ar\/nueva\/wp-json\/wp\/v2\/product"}],"about":[{"href":"https:\/\/photoexperience.com.ar\/nueva\/wp-json\/wp\/v2\/types\/product"}],"wp:featuredmedia":[{"embeddable":true,"href":"https:\/\/photoexperience.com.ar\/nueva\/wp-json\/wp\/v2\/media\/2717"}],"wp:attachment":[{"href":"https:\/\/photoexperience.com.ar\/nueva\/wp-json\/wp\/v2\/media?parent=2716"}],"wp:term":[{"taxonomy":"product_cat","embeddable":true,"href":"https:\/\/photoexperience.com.ar\/nueva\/wp-json\/wp\/v2\/product_cat?post=2716"},{"taxonomy":"product_tag","embeddable":true,"href":"https:\/\/photoexperience.com.ar\/nueva\/wp-json\/wp\/v2\/product_tag?post=2716"}],"curies":[{"name":"wp","href":"https:\/\/api.w.org\/{rel}","templated":true}]}}